inder when 128806 is divided by 3394.
3228
What is the remainder when 323705803 is divided by 83?
76
Calculate the remainder when 110146462 is divided by 715.
712
What is the remainder when 1178291 is divided by 392688?
227
Calculate the remainder when 10045487 is divided by 490.
487
Calculate the remainder when 125221 is divided by 41559.
544
What is the remainder when 61966019 is divided by 1936437?
35
What is the remainder when 10665879 is divided by 18?
15
What is the remainder when 157053 is divided by 626?
553
Calculate the remainder when 37351379 is divided by 165.
164
Calculate the remainder when 776511 is divided by 6861.
1218
What is the remainder when 32799022 is divided by 35?
32
What is the remainder when 118608 is divided by 59207?
194
Calculate the remainder when 22527112 is divided by 61.
56
Calculate the remainder when 6013304 is divided by 5113.
416
What is the remainder when 670744047 is divided by 4183?
4180
What is the remainder when 477047 is divided by 61?
27
What is the remainder when 33231 is divided by 5399?
837
Calculate the remainder when 7837813 is divided by 2612591.
40
Calculate the remainder when 5541841 is divided by 23887.
57
What is the remainder when 950260 is divided by 938?
66
What is the remainder when 6194 is divided by 1032?
2
What is the remainder when 6579751 is divided by 1091?
1021
What is the remainder when 34718 is divided by 15839?
3040
What is the remainder when 995211 is divided by 1019?
667
Calculate the remainder when 432966 is divided by 363.
270
What is the remainder when 744901 is divided by 372269?
363
Calculate the remainder when 115881 is divided by 2569.
276
Calculate the remainder when 69597239 is divided by 169.
166
What is the remainder when 1478531 is divided by 2811?
2756
What is the remainder when 7891526 is divided by 3945751?
24
Calculate the remainder when 203039394 is divided by 2527.
2525
Calculate the remainder when 68118868 is divided by 17029717.
0
Calculate the remainder when 115328 is divided by 14392.
192
Calculate the remainder when 669219 is divided by 4.
3
Calculate the remainder when 392878 is divided by 56078.
332
Calculate the remainder when 401562 is divided by 3939.
3723
What is the remainder when 717648 is divided by 102517?
29
What is the remainder when 13220 is divided by 2425?
1095
Calculate the remainder when 9305651 is divided by 31227.
5
What is the remainder when 202969 is divided by 2993?
2438
Calculate the remainder when 1190882 is divided by 99129.
1334
What is the remainder when 24576 is divided by 2416?
416
Calculate the remainder when 167463950 is divided by 193824.
14
What is the remainder when 19537155 is divided by 610536?
3
What is the remainder when 247801 is divided by 61948?
9
Calculate the remainder when 227810 is divided by 3737.
3590
Calculate the remainder when 10436065 is divided by 257.
66
Calculate the remainder when 37681 is divided by 473.
314
Calculate the remainder when 1152281 is divided by 28.
25
Calculate the remainder when 45303102 is divided by 18.
0
What is the remainder when 391465 is divided by 481?
412
Calculate the remainder when 1013520 is divided by 38935.
1210
What is the remainder when 1426531 is divided by 1426512?
19
What is the remainder when 1196752 is divided by 398871?
139
Calculate the remainder when 339466 is divided by 166.
162
Calculate the remainder when 3170845 is divided by 1177.
7
Calculate the remainder when 5299852 is divided by 55.
52
Calculate the remainder when 28317 is divided by 5570.
467
What is the remainder when 1176124 is divided by 1176110?
14
What is the remainder when 2182001 is divided by 4?
1
What is the remainder when 387243 is divided by 3301?
1026
What is the remainder when 3779827 is divided by 1277?
1184
Calculate the remainder when 998863 is divided by 687.
652
Calculate the remainder when 1056347 is divided by 4032.
3995
What is the remainder when 24477103 is divided by 1190?
1183
What is the remainder when 9344470 is divided by 3141?
3136
What is the remainder when 98912 is divided by 24726?
8
Calculate the remainder when 571473 is divided by 190392.
297
Calculate the remainder when 23365632 is divided by 24014.
10
What is the remainder when 1401749 is divided by 28?
13
Calculate the remainder when 75219 is divided by 73208.
2011
Calculate the remainder when 867705018 is divided by 289235003.
9
Calculate the remainder when 87158 is divided by 3805.
3448
What is the remainder when 246164 is divided by 1448?
4
Calculate the remainder when 382219 is divided by 1233.
1222
Calculate the remainder when 214846 is divided by 214759.
87
What is the remainder when 306847 is divided by 1754?
1651
Calculate the remainder when 3536895 is divided by 707360.
95
What is the remainder when 8784430 is divided by 24885?
25
What is the remainder when 6932 is divided by 2848?
1236
What is the remainder when 63778 is divided by 1029?
1009
Calculate the remainder when 6274529 is divided by 29.
2
Calculate the remainder when 2284940 is divided by 514.
210
Calculate the remainder when 7053008 is divided by 61868.
56
Calculate the remainder when 327510 is divided by 163487.
536
What is the remainder when 5732414 is divided by 1221?
1040
Calculate the remainder when 4154213 is divided by 46.
45
Calculate the remainder when 122438 is divided by 4116.
3074
Calculate the remainder when 431228 is divided by 6431.
351
Calculate the remainder when 238217 is divided by 5666.
245
Calculate the remainder when 63372 is divided by 3015.
57
Calculate the remainder when 104291 is divided by 89.
72
Calculate the remainder when 2801014 is divided by 103741.
7
Calculate the remainder when 8080571 is divided by 3483.
11
Calculate the remainder when 602072 is divided by 5.
2
Calculate the remainder when 9043114 is divided by 17.
15
Calculate the remainder when 36305361 is divided by 1909.
1908
What is the remainder when 254033 is divided by 8220?
7433
Calculate the remainder when 8491 is divided by 44.
43
Calculate the remainder when 484408196 is divided by 31.
26
What is the remainder when 1202103 is divided by 150202?
487
What is the remainder when 2051970593 is divided by 386?
383
Calculate the remainder when 1408704 is divided by 422.
68
What is the remainder when 1116649 is divided by 81?
64
What is the remainder when 1292754 is divided by 142?
128
Calculate the remainder when 2195999 is divided by 375.
374
Calculate the remainder when 283830 is divided by 368.
102
Calculate the remainder when 734665 is divided by 1497.
1135
What is the remainder when 45379998 is divided by 3905?
3898
What is the remainder when 3019623 is divided by 65?
48
What is the remainder when 365748 is divided by 365746?
2
Calculate the remainder when 283493 is divided by 1783.
1779
What is the remainder when 152832839 is divided by 1386?
5
Calculate the remainder when 5503485 is divided by 30.
15
Calculate the remainder when 2100933 is divided by 2103.
36
What is the remainder when 8237047 is divided by 216764?
15
Calculate the remainder when 262167256 is divided by 1661.
1660
Calculate the remainder when 20674191 is divided by 52875.
66
What is the remainder when 8434060 is divided by 342?
340
Calculate the remainder when 533691812 is divided by 3304.
3300
Calculate the remainder when 356984 is divided by 4462.
24
What is the remainder when 66933635 is divided by 281?
278
What is the remainder when 1671285 is divided by 6259?
132
What is the remainder when 51539681 is divided by 199766?
53
What is the remainder when 378478 is divided by 489?
481
Calculate the remainder when 1637468 is divided by 327461.
163
Calculate the remainder when 99061 is divided by 203.
200
Calculate the remainder when 1420296 is divided by 265.
161
Calculate the remainder when 252015 is divided by 25199.
25
What is the remainder when 52083 is divided by 8644?
219
What is the remainder when 29800 is divided by 1944?
640
Calculate the remainder when 46511635 is divided by 5167959.
4
Calculate the remainder when 1165212 is divided by 11065.
3387
What is the remainder when 39960 is divided by 134?
28
Calculate the remainder when 22002234 is divided by 207.
204
Calculate the remainder when 571169620 is divided by 65.
60
What is the remainder when 731074 is divided by 